u - 21. Let f(y) = 5*j(y) - 2*o(y). Is f(w) a composite number?
True
Let u(s) = -1 - 3*s**2 + 2*s**3 + 1 + 2*s + 0 - 1. Is u(2) a prime number?
True
Let s(i) = -i**2 - 7*i + 9. Let v be s(-9). Is 318/(-9)*v/6 a composite number?
False
Let t = 499 + -168. Is t a prime number?
True
Is (-11134)/(-30) - (-4)/(-30) a prime number?
False
Suppose 3*y = -2*j + 1122, j - 733 = -y - 173. Suppose r = -f + 188, -2*f - f + 3*r + j = 0. Is f a prime number?
False
Let j(t) be the first derivative of 20*t**3/3 + t - 9. Is j(1) a composite number?
True
Let y = 453 - 250. Suppose -y = 2*p - 3*p + 3*v, -3*v + 185 = p. Suppose u = -u + p. Is u composite?
False
Suppose 2*z = 5*k + 51 + 7, -5*k - 56 = -4*z. Suppose 5*v = 4*v - 3*h - 7, v - 8 = 2*h. Is 0 - v*-1 - k a prime number?
False
Let i(q) = 3*q - 3 + 2 + 2 + 2*q. Is i(2) composite?
False
Let i(n) = n**2 - 5*n - 8. Suppose -4*c + 35 = c. Let h(t) = -t**2 + 5*t + 9. Let f(d) = c*i(d) + 6*h(d). Is f(8) prime?
False
Let i(y) be the first derivative of 1/2*y**4 - y**3 - 2*y**2 + 3*y - 3. Is i(4) a composite number?
False
Let c(g) = 398*g**2 - 5*g - 5. Is c(-2) composite?
False
Suppose 0 = 3*y - 5*o - 1192, 2*o = -4*y + 3*o + 1595. Let i be (2/((-6)/y))/(-1). Suppose -2*x - i = -3*x. Is x a prime number?
False
Suppose -6*b + 12 = -2*b + 2*t, -5*t + 10 = 0. Suppose j = -5*d + d + 1545, 3*j + 755 = b*d. Suppose -6*z = -z - d. Is z a composite number?
True
Let n(m) = 3*m**3 + 5*m**2 - 7*m - 1. Let l be n(-7). Is (l/(-8))/(3 + -1) prime?
False
Suppose -u = -4*u - 4*m + 17, -8 = -u + m. Suppose 2*l = u*l - 45. Is (l/6)/(3/30) composite?
True
Suppose 2*q + 2*q - 8 = 0. Suppose 4*i = -q*f + 150, 3*i - 4*f = i + 70. Is i prime?
True
Let w = -13 + 33. Is w - (-1 - (1 - 3)) a composite number?
False
Suppose 0 = 7*z - 11*z + 1572. Is z composite?
True
Is 7*(60/5 - 1) prime?
False
Suppose -3*v = 92 - 2537. Is v a composite number?
True
Let j(s) = -s**3 + 8*s**2 + 10*s - 11. Let v be j(9). Let l be 2/8 + v/8. Suppose -4*i - 3*c - c + 84 = l, 4*i - 4*c - 68 = 0. Is i composite?
False
Let p = 81 - 48. Is p a composite number?
True
Suppose 2*k - 12 = -2*u, 15 = 2*k + 3*u - 0. Suppose -k*z + 176 = 4*q + z, -z = 5*q - 232. Is q a prime number?
True
Suppose -3*d - 30 = -5*v - 115, 5*d + 4*v = 154. Let n = 4 + d. Is n a prime number?
False
Let a = -3 - -3. Suppose -361 = -3*z + 4*y, -2*z - 2*z - 2*y + 518 = a. Is z a prime number?
True
Let h = 16 - 10. Suppose -6 = -h*r + 4*r. Is (-245)/(-10)*(r + -1) a prime number?
False
Suppose 2*p - 5*p = 0, -2*q = -5*p. Suppose q*l + l - 67 = 0. Is l a composite number?
False
Suppose 0 = -3*m - 4*z + 72, -3*m + 25 = 3*z - 44. Let p = -9 + m. Is p composite?
False
Suppose 0 = -f - 4*f + 4*n + 387, -2*n = -4. Is f a composite number?
False
Let m = 15 + -12. Suppose -3*g - 3*t = -1470, -m*g + 1491 = t - 5*t. Is g a prime number?
False
Suppose -4*b + 3*b + 758 = 0. Suppose 4*z + b = 2*x, 0 = 3*x - 0*x + 3*z - 1146. Suppose j + 2*j - x = 0. Is j composite?
False
Suppose -4*i = i - 215. Suppose 5*f = 142 + i. Is f a prime number?
True
Is (4 - (-3835)/25)*(2 - -3) prime?
True
Let z = 18 - 18. Suppose -y - 5*h + 72 = z, 53 = 2*y + 3*h - 84. Is y a composite number?
False
Suppose 3*u + 483 = 4*u. Suppose -u - 265 = -4*b. Is b composite?
True
Let c = 1596 - -1665. Is c prime?
False
Suppose -4*w + 0*w - 4 = 4*d, 0 = 3*w + 12. Suppose -u - 7*x = -3*x - 25, 0 = -d*u + 5*x + 126. Is u composite?
False
Let n(t) = t**3 - t**2 + t + 2. Let b(i) = -i. Let h be b(-3). Let y be n(h). Suppose -y = 5*v - 153. Is v prime?
False
Suppose 0*o = -o + 4. Suppose -5*p + o = -p. Suppose p = -j + 4*x + x, 4*x = 4*j - 60. Is j a prime number?
True
Let g(f) = 31*f**2 + f + 1. Let v be g(-1). Suppose -3*x - 2*a = -5*a + 9, 2*a = x. Let h = v - x. Is h prime?
True
Let o(m) = 8*m**3 - m**2 + 1. Let z be o(-2). Let s = z - -104. Is s a prime number?
True
Let s(r) = -r + 1. Let c be s(1). Suppose -2*n - 3*n + 310 = c. Is n composite?
True
Suppose 0 = 59*t - 61*t + 6286. Is t a composite number?
True
Suppose 3070 = -4*i + 3*v + 16118, 2*i + 4*v - 6546 = 0. Is i prime?
False
Suppose -u = 4*p - 13, -4*u = p - 5*p - 12. Let y(t) = 2 - 5 + 42*t - p*t. Is y(2) composite?
True
Suppose -a - 1948 = -5*a. Is a prime?
True
Suppose 53 = 3*y - 709. Let i be 2/(-5) + y/10. Let n = -3 + i. Is n a prime number?
False
Suppose 2*t + 3*t = 320. Suppose -t = -4*g + 52. Suppose -103 = -2*m - g. Is m composite?
False
Suppose -5*d = -i + 200, -3*i + 4*d = -d - 570. Suppose -5*x + r + 146 = -34, -5*x + i = -2*r. Is x composite?
True
Let x(j) = -j**3 + 4*j + 3. Let t be x(-2). Suppose -8*s = -t*s - 275. Is s a composite number?
True
Let b = -16 - -27. Suppose 2*j = -5*r, -4*r + 6 = -7*r. Suppose -j*i - b = -121. Is i prime?
False
Suppose -x = 4*x - 15, -u = -x + 6. Let i(l) = -4*l**3 - 4*l + 1. Let j be i(u). Is -2*(0 - -1) + j a prime number?
False
Suppose -5*k + 6 = -19. Suppose 4*b - k*s - 62 = 0, 3*s = -2*b - 2 + 22. Is b a composite number?
False
Let z(d) = -d + 8. Let u be z(6). Suppose -u*j + 147 = -179. Is j a composite number?
False
Suppose -w = 2*w - 921. Is w a prime number?
True
Suppose 0 = -2*a + 8, -a = -y - 5*a + 47. Is y a composite number?
False
Let w = 6153 - 2642. Is w a composite number?
False
Suppose x = 3*r + 15 + 3, 4*x + 2*r - 2 = 0. Suppose 9 = x*b - 3. Let f = 15 - b. Is f prime?
True
Let u = -230 + 140. Is (-1)/9 + (-19630)/u a composite number?
True
Let w(g) = 5*g**3 + g. Let t be w(-1). Is t/(-2) - (5 - 253) prime?
True
Let s = 1970 - 1348. Suppose 2*d - s = 48. Suppose 2*j + 0*j + 5*g = 134, 5*j = -g + d. Is j a prime number?
True
Let d(p) = 4*p - 2*p + 3*p + 2*p**2 - 4 - 2*p**3. Is d(-3) a composite number?
False
Suppose -k + 648 + 259 = 0. Is k a composite number?
False
Let p(o) = 28*o**2 + 2*o - 7. Is p(3) a composite number?
False
Let f(x) = 2*x**2 + 5*x + 1. Suppose -5*q - 2*k + 33 = 74, -4*k = -8. Let d be f(q). Let j = 99 + d. Is j composite?
True
Suppose -5*o = -2*i - 0*o - 246, -4 = o. Let h = i - 21. Is ((-1)/(1/h))/2 prime?
False
Suppose 3*p - g - 8196 = 0, -3*p - 3*g + 5453 = -p. Is p composite?
False
Let c = 959 - 579. Is c/3 - (-4)/12 composite?
False
Is ((-590)/6)/((24/(-18))/4) a composite number?
True
Suppose 3*r + 927 - 5844 = 0. Is r a prime number?
False
Let u(i) = -i**2 + 8*i - 8. Let b be u(6). Suppose 13 - 65 = -b*j. Is j a composite number?
False
Let s(r) = 2*r**2 - r - 4. Let m be s(4). Suppose 4*k - l = -40, k + 3*k + 3*l = -24. Let v = k + m. Is v prime?
False
Suppose -2*g + 0*g + 1918 = -4*r, -g - 5*r + 987 = 0. Is g prime?
True
Let f = 45 - -108. Suppose -2*j - 5*u + 87 - 10 = 0, -5*u = -3*j + f. Is j prime?
False
Suppose -8*f = -4*f. Suppose 4*x + x - 115 = f. Is x composite?
False
Let h = -6 - -8. Let o = h - -1. Suppose -3*c = 4*l - 353, -o*l = 2*l - 3*c - 448. Is l a prime number?
True
Let u(j) = -j**2 - 2*j - 3. Let q be u(-2). Let x be 1 + -5*(4 + q). Is -22*(38/x + 1) prime?
False
Let j(n) = n**3 - n**2 - n - 16. Let h be j(0). Let p = -24 + 73. Let m = p + h. Is m composite?
True
Suppose -5*z + 70 = -0*z. Let a be (-1032)/(-42) - 3/(-7). Let y = z + a. Is y a prime number?
False
Let z(m) = -m**3 + 8*m**2 + 10*m - 5. Let a be z(9). Suppose -2*l + 12 = l, a*l = 5*b - 109. Is b a composite number?
True
Suppose 2*a + 16 = -4. Is (-322)/3*15/a a prime number?
False
Let d(n) = 28*n - 2. Let x(i) = -1. Let t(a) = -d(a) + 5*x(a). Is t(-2) a composite number?
False
Suppose 1397 = 2*u - 1317. Is u a composite number?
True
Let w(n) = 6*n**2 - 14*n - 10. Let c be w(-9). Suppose 0 = 2*d + 4*u - c, -3*d - 593 = 4*u - 1498. Is d composite?
True
Let f(c) be the second derivative of 11*c**7/840 - c**6/180 - c**4/24 + c**3/6 + 2*c. Let m(l) be the second derivative of f(l). Is m(2) a prime number?
True
Let s be 6/(-4)*-2 - 2. Let k = 4 - s. Let t(z) = 6*z + 4. Is t(k) a composite number?
True
Suppose -z - 4*z = -40. Suppose 74 = z*d - 6*d. Is d composite?
False
Suppose 0 = 2*u - 5*u. Suppose -3*c - 2*c = u. Is c - -2 - (2 - 19) a prime number?
True
Let f be -3*(-9)/(-12)*-4. Let m = 16 - f. Is m a composite number?
False
Let w(y) be the first derivative of 1 - 2 - 2*y - y**2 - y + 0*y + y**3. Is w(4) composite?
False
Let s(c) = c + 1. Let m = -2 + 7. Let v be s(m). Is -3*(-4)/v - -19 prime?
False
Suppose 